, 2*o = 4*x - 3 - 35. Calculate the remainder when 58 is divided by x.
10
Let c = 1 - 0. What is the remainder when 35 is divided by 1/c - 55/(-5)?
11
Suppose 4*i - 3*i - 20 = 0. Suppose l = -4 + i. Let p = 44 + -14. What is the remainder when p is divided by l?
14
Suppose 1 = 3*n + 13. Let c = n - -17. Let i = c - 4. What is the remainder when 25 is divided by i?
7
Suppose 2*m + 2*o - 12 = -0*m, 3*m - 2 = 5*o. Suppose 12 = -0*y - m*y, g = -4*y - 1. What is the remainder when 19 is divided by g?
8
Let n(q) = q**2 - 8*q + 10. Let g be n(7). Let z(u) = -u + 8. Calculate the remainder when z(0) is divided by -9*((-7)/g - -2).
2
Calculate the remainder when 134 - ((3 - 0) + 0) is divided by 33.
32
Suppose -2*v + 7 + 14 = d, -5*d = v - 33. Calculate the remainder when 23 is divided by v.
7
Let i(h) = 2*h + 11. Calculate the remainder when 75 is divided by i(4).
18
Suppose -3*v = -5*j + 72, 0 = 5*j - 0*v + 2*v - 77. Calculate the remainder when j is divided by 6.
3
Let p(n) = n + 2*n**2 + 22 + n**2 - 4*n**2. Suppose 7 = 3*k - 5*l - 7, -3*k = l - 26. What is the remainder when p(0) is divided by k?
6
Let y(f) = -f**2 + 13*f - 14. Let l be y(11). Suppose h = -l + 25. What is the remainder when h is divided by 10?
7
Suppose 2*o + 32 = 2*t, 1 + 8 = -t - 4*o. Let w = t - 7. Calculate the remainder when 14 is divided by (-2 + w)*1 - -6.
6
Calculate the remainder when 86 is divided by 410/14 - 4/14.
28
Let g(n) = 8*n**2 + 3*n - 2. Let s be g(2). Suppose -3*c + 42 = -s. Calculate the remainder when c is divided by 9.
8
Let u(v) = v. Let a(g) = -8*g - 1. Let w(l) = -a(l) - 5*u(l). What is the remainder when 272/28 + 2/7 is divided by w(1)?
2
Let i = 123 + -97. What is the remainder when 98 is divided by i?
20
Let n = -1 - -13. Calculate the remainder when (170/(-15))/((-2)/6) is divided by n.
10
Let g(p) = -3*p**3 - 24*p**2 + 2*p - 19. Let s(k) = -k**3 - 8*k**2 + k - 6. Let b(a) = -3*g(a) + 8*s(a). What is the remainder when b(-6) is divided by 18?
15
Let f(n) = n**2 - 4*n - 8. Calculate the remainder when ((-27)/(-6))/((-9)/(-48)) is divided by f(7).
11
Let s(m) = 407 - 407 + 19*m**2. Suppose -2*l + 4*l + 2 = 0. Calculate the remainder when 36 is divided by s(l).
17
Let f(s) = 2*s**2 + 3*s + 4. Calculate the remainder when 51 is divided by f(-3).
12
Let n = 6 + -9. Let u = 15 + n. Calculate the remainder when u is divided by 7.
5
Suppose 4*c - 13 = 11. Calculate the remainder when 23 is divided by c.
5
Let h = -54 + 94. Let q = 31 + -17. Calculate the remainder when h is divided by q.
12
Let f be (8/(-28))/((-1)/7). Suppose 5*n + 10 = -5*h, 6*h + n = f*h + 4. What is the remainder when h is divided by 2?
0
Suppose -2*r + 122 = 5*i - r, i - 2*r - 20 = 0. Calculate the remainder when i is divided by 14.
10
Suppose 3*m - 58 = 2*m. Calculate the remainder when m is divided by 12.
10
Let h be -3*(-3 - (-21)/9). Suppose 7*d - h*d = 0. Suppose d = -4*g - 0*g + 2*w + 22, 2*w = 5*g - 30. Calculate the remainder when g is divided by 3.
2
Let f be 3/(-2 + (-3 - -6)). Suppose -4*b - 5 + 15 = -w, -13 = -2*w - f*b. Calculate the remainder when w is divided by 1.
0
Calculate the remainder when 67/3 + 10/15 is divided by ((-9)/(-6) + -1)*26.
10
Suppose i + 3*i - 44 = 0. Suppose 28 = -7*k + i*k. Calculate the remainder when 12 is divided by k.
5
Let a be (-4)/10 + (-8)/(-20). Let n be -40 - ((3 - a) + -2). Let k = n - -70. What is the remainder when k is divided by 8?
5
What is the remainder when 12 is divided by 0 - (-4 - -1) - -4?
5
Let h = -20 - -49. Let d = -19 + 34. Calculate the remainder when h is divided by d.
14
Let x(p) be the third derivative of -p**6/24 + p**5/30 + p**4/24 + p**3/6 + 3*p**2. What is the remainder when x(-2) is divided by 16?
15
Let x = -13 - -18. Suppose 5*l - 75 = x*d, 51 = 4*l - d - 0*d. What is the remainder when 22 is divided by l?
10
What is the remainder when 83 is divided by 4/((-93)/33 - -3)?
17
Let g = -11 - -52. What is the remainder when g is divided by 11?
8
Let i be (-2 - -3) + 0 - 0. What is the remainder when 47 is divided by (i + 2)/((-3)/(-16))?
15
Suppose 4*k - x - 348 = 3*x, -5*k - 5*x + 395 = 0. Calculate the remainder when k is divided by 28.
27
Let p = -32 + 71. Suppose -q = 2*q - 30. Calculate the remainder when p is divided by (1 + 1)/(2/q).
9
Let l be (10 + 0 + 0)/1. Let r = l - -7. Calculate the remainder when r is divided by 6.
5
Let n = -255 - -369. Suppose -2*s + 72 = 3*z + z, 0 = 4*s - 2*z - n. What is the remainder when 59 is divided by s?
29
Suppose -2*s - y + 28 = y, 3 = 2*s - 3*y. Calculate the remainder when 2/s + 412/9 is divided by 12.
10
Suppose -2*k - 59 = -3*x, -5*k + 4*k - 41 = -2*x. Calculate the remainder when x is divided by 7.
2
Let v = -11 - -5. What is the remainder when 37 is divided by 1*57/v*-2?
18
Suppose -v + 23 = 4*l, -5*l + 2*l = 5*v - 166. Suppose -4*s - 7 + 83 = 0. Calculate the remainder when v is divided by s.
16
Let f = 75 - 14. Let d(s) = -4*s - 8. What is the remainder when f is divided by d(-6)?
13
Suppose 5 = 12*o - 7*o. Let k = o + 36. Calculate the remainder when k is divided by 10.
7
Suppose -x - 41 = -3*d, -13 = d + 5*x - 32. Calculate the remainder when 41 is divided by d.
13
Suppose -4*s = -2*d - 114, -2*d = 6*s - s - 129. Suppose -n + 1 = z - 2, -5*n = 20. Calculate the remainder when s is divided by z.
6
Suppose -5*j = -8*j + 129. Calculate the remainder when j is divided by 9.
7
Suppose 6*f - f - 5*l - 115 = 0, 3*l - 26 = -2*f. Calculate the remainder when f is divided by 9.
1
Let w(m) = m**2 - 5*m + 5. Calculate the remainder when w(7) is divided by 7.
5
Suppose -1 = -2*b + 13. Suppose -5*q + 57 - b = g, 223 = 4*g - 3*q. Calculate the remainder when g is divided by 19.
17
Suppose -4*p - 110 = -9*p. What is the remainder when 63 is divided by p?
19
Let y(w) = 10*w - 44. What is the remainder when 93 is divided by y(7)?
15
What is the remainder when ((-738)/4)/(-9) - 1/(-2) is divided by 7?
0
Suppose 3*l - 235 = -67. What is the remainder when l is divided by 12?
8
Let v(i) = i**3 - 12*i**2 - 7*i + 9. Calculate the remainder when v(13) is divided by 30.
27
Let g = -9 + 14. Suppose 3*l = 6, 2*l = -g*r + 5*l - 31. Let u = -3 - r. Calculate the remainder when 2 is divided by u.
0
Let x = -9 - -45. Suppose -3*y + x = -33. What is the remainder when y is divided by 8?
7
Suppose -5*x + 5*m = -35, 4*m + 28 = 5*x + 6*m. Suppose 0 = -n - 6 - 1. Let p = 3 - n. Calculate the remainder when p is divided by x.
4
Suppose 5*u - 2*n = 230, 2*u - 51 = -n + 41. Calculate the remainder when u is divided by 16.
14
Suppose -156 = -3*g + 3*p, -72 = -2*g - 3*p + 37. What is the remainder when g is divided by (-6)/(-4)*(-28)/(-3)?
11
Let m(y) = -y**3 + 9*y**2 - 7*y - 4. Calculate the remainder when m(7) is divided by 12.
9
Let s = -137 + 220. What is the remainder when s is divided by 22?
17
Let x(g) be the first derivative of g**3/3 - g**2/2 + 2*g + 4. Let b(c) = -c. Calculate the remainder when x(5) is divided by b(-8).
6
Let n = 88 - 50. Suppose -j + 2*d + 59 = 4*j, 4*d + 14 = 2*j. What is the remainder when n is divided by j?
12
Let v(z) = z**3 + 9*z**2 + 8*z - 5. Let c(i) = -2*i + 3. Calculate the remainder when v(-7) is divided by c(-5).
11
Let v = 23 - 14. Let j(g) = 4*g + 2. Calculate the remainder when v*(0 + 28/6) is divided by j(5).
20
Let z = 75 - 70. Calculate the remainder when 21 is divided by z.
1
Let c(j) = 4*j**2 + 2*j - 4. What is the remainder when c(5) is divided by 27?
25
Suppose 5*f - 19 = 21. What is the remainder when (-269)/(-8) - (-3)/f is divided by 18?
16
Suppose -3*s - 116 = 2*p + 2*p, -4*p - 8 = 0. Let h(v) = 49*v - 3. Let q be h(-1). Let i = s - q. What is the remainder when 31 is divided by i?
15
Let k be (6/(-15))/((-1)/25). Calculate the remainder when 12 is divided by 7/14*k/1.
2
Let x(p) be the third derivative of -p**6/120 + p**5/15 + 3*p**4/8 - 3*p**3/2 - 4*p**2. Let h = -27 - -59. Calculate the remainder when h is divided by x(5).
10
Suppose n = 2*l - 9, 0*n - 3 = -3*n. Suppose -18 = z - 4*i, 2*z - 16 = -z - 2*i. Suppose -2*h + 8 = z*h. Calculate the remainder when l is divided by h.
1
Let i(w) be the first derivative of -w**3/3 - 9*w**2/2 + 12*w + 3. Let z be i(-10). Suppose z*k - 69 = -k. Calculate the remainder when k is divided by 8.
7
Let i(l) = 6*l*